3711 a composite number?
False
Is 664705493 a prime number?
False
Is 1522535089 a composite number?
True
Is 27217467361 composite?
True
Is 1131065491 prime?
False
Is 31988639 composite?
False
Is 11984387 a prime number?
True
Is 72095312407 a composite number?
False
Is 55237918699 prime?
False
Is 3550874827 prime?
True
Is 729420323 composite?
False
Is 903795779 a prime number?
True
Is 26892436019 prime?
False
Is 1482917113 composite?
True
Is 184755577 a prime number?
True
Is 2917387753 a prime number?
False
Is 9713607793 composite?
True
Is 49779723859 a prime number?
False
Is 75808273799 a composite number?
False
Is 1004065981 composite?
False
Is 2946868387 prime?
False
Is 70593388513 a prime number?
True
Is 318668461 prime?
True
Is 6768539909 a composite number?
True
Is 14347863721 prime?
False
Is 13910388801 prime?
False
Is 262695956459 a prime number?
True
Is 1592957881 prime?
False
Is 40552283833 a prime number?
False
Is 5438784187 a composite number?
True
Is 1909201361 a prime number?
True
Is 2736286559 a composite number?
False
Is 264143171 a composite number?
True
Is 13007057369 composite?
False
Is 4761672551 composite?
False
Is 11435975321 composite?
False
Is 33730014937 composite?
False
Is 8492369 prime?
True
Is 27787449983 prime?
False
Is 5598864481 prime?
False
Is 78065502323 a composite number?
False
Is 320783543 prime?
False
Is 125266087 a composite number?
True
Is 8072730817 composite?
False
Is 10399350803 a prime number?
False
Is 18017181037 a prime number?
False
Is 285865759 a composite number?
False
Is 768656353 a composite number?
False
Is 828348655 a composite number?
True
Is 267827233 prime?
True
Is 43737087311 composite?
False
Is 28423613 prime?
True
Is 966143447 composite?
True
Is 199808398 a composite number?
True
Is 76695403669 a composite number?
False
Is 332310569 prime?
True
Is 30142477727 composite?
True
Is 1321030103 a prime number?
False
Is 2773111223 a prime number?
False
Is 23301099163 composite?
False
Is 27605479015 prime?
False
Is 192492666421 a composite number?
True
Is 4651228787 a prime number?
True
Is 8104637269 a prime number?
True
Is 6626063777 a composite number?
False
Is 5136790357 a composite number?
True
Is 21092463563 composite?
True
Is 2232444895 a composite number?
True
Is 14297981527 a prime number?
True
Is 70122473339 prime?
False
Is 11233895671 composite?
False
Is 2949948811 composite?
True
Is 526064729 a prime number?
True
Is 11277695743 prime?
True
Is 13074534701 a composite number?
True
Is 219081828929 a prime number?
True
Is 6994764059 composite?
False
Is 630749387 a composite number?
True
Is 11644601219 a prime number?
True
Is 4646364341 prime?
True
Is 21907004029 prime?
False
Is 1259977313 composite?
True
Is 68705841497 prime?
True
Is 889958479 a composite number?
True
Is 702154487 a composite number?
True
Is 4184019313 a composite number?
True
Is 42019399795 a composite number?
True
Is 1681422529 a prime number?
True
Is 110031137 a composite number?
True
Is 13077021317 a prime number?
True
Is 5324100293 a composite number?
False
Is 76551191 a prime number?
True
Is 688192059 composite?
True
Is 1543924337 prime?
True
Is 9725632877 composite?
True
Is 4732848163 prime?
False
Is 5351590969 a prime number?
False
Is 1953392173 a composite number?
True
Is 138937995533 a prime number?
True
Is 7536584089 a prime number?
True
Is 622799609 a composite number?
False
Is 11014924009 a composite number?
True
Is 1743963229 a composite number?
False
Is 67184977 a prime number?
True
Is 53477773 composite?
True
Is 104887416163 composite?
False
Is 15214670167 a prime number?
False
Is 539998957 a prime number?
False
Is 262828415501 composite?
False
Is 266414983 a composite number?
True
Is 27532411519 a composite number?
True
Is 5807434403 a prime number?
True
Is 3771776257 a prime number?
True
Is 9279437597 a composite number?
False
Is 861017741 a composite number?
False
Is 5044555963 prime?
True
Is 58229697431 composite?
False
Is 68407156817 prime?
False
Is 20929655273 a composite number?
False
Is 12346497461 a prime number?
False
Is 6368218733 a composite number?
True
Is 104190910763 prime?
False
Is 840966029 composite?
False
Is 87007687739 composite?
True
Is 2098096859 composite?
True
Is 115211197 a prime number?
False
Is 1429933907 composite?
False
Is 88355148851 a composite number?
False
Is 73241088941 a prime number?
True
Is 123368255 prime?
False
Is 888679801 composite?
True
Is 46196817313 composite?
False
Is 3891647741 a composite number?
False
Is 1684274591 composite?
False
Is 23361980729 composite?
True
Is 29152232705 prime?
False
Is 12753911201 a prime number?
True
Is 66137887373 composite?
False
Is 595233686 prime?
False
Is 23442202843 a composite number?
False
Is 22925938991 composite?
True
Is 792183577 prime?
False
Is 630268229 a prime number?
True
Is 10413678395 a prime number?
False
Is 199437281 a prime number?
False
Is 1069085021 prime?
True
Is 7426812889 a composite number?
False
Is 2174204629 composite?
True
Is 2587087793 prime?
True
Is 19108040447 a prime number?
False
Is 458370623 a prime number?
False
Is 9335292457 a prime number?
True
Is 1252522091 composite?
False
Is 51528287867 composite?
True
Is 2896968209 prime?
False
Is 4820746103 a composite number?
False
Is 37297941682 a prime number?
False
Is 45284762779 composite?
False
Is 2111017481 a composite number?
True
Is 1862333573 prime?
False
Is 1987688503 a composite number?
False
Is 3835723391 composite?
True
Is 4514818487 composite?
False
Is 29923103953 composite?
True
Is 2416364623 prime?
True
Is 4269844213 a prime number?
True
Is 45420694849 a composite number?
False
Is 1893169417 composite?
True
Is 41062928447 prime?
True
Is 85490191 a composite number?
True
Is 9360782107 a prime number?
False
Is 3201971 a composite number?
False
Is 57586398563 a prime number?
False
Is 554845873 a prime number?
True
Is 433930309 a composite number?
True
Is 11985883139 composite?
True
Is 20852169203 prime?
False
Is 48077244713 composite?
True
Is 11889423151 prime?
True
Is 1071288403 a prime number?
True
Is 514630211 a prime number?
False
Is 1010273203 prime?
False
Is 753723053 composite?
True
Is 6326313463 a composite number?
True
Is 286574011 a prime number?
True
Is 3583978763 composite?
False
Is 1001664959 composite?
True
Is 22733544301 composite?
True
Is 88801447533 composite?
True
Is 11210190223 prime?
True
Is 868316809 a composite number?
False
Is 135179197 a composite number?
False
Is 29339334439 prime?
True
Is 542289991 composite?
True
Is 15514152989 a prime number?
True
Is 11448965519 a prime number?
True
Is 1810410079 a prime number?
False
Is 190329204457 prime?
False
Is 7831033645 prime?
False
Is 11945935171 composite?
True
Is 1047996017 composite?
True
Is 2880252511 prime?
False
Is 515252729 composite?
False
Is 45364761301 a composite number?
True
Is 514311599 a composite number?
False
Is 1310201479 a composite number?
False
Is 460607201 composite?
False
Is 60728707343 composite?
True
Is 79649149 prime?
False
Is 1614326797 a prime number?
True
Is 1042058327 prime?
False
Is 5421682493 a composite number?
False
Is 191976299 composite?
True
Is 1057177421 composite?
False
Is 120020173583 composite?
True
Is 261811229 composite?
True
Is 8945846723 prime?
False
Is 10841276111 composite?
False
Is 2224374463 a composite number?
False
Is 4002126998 a composite number?
True
Is 3818853421 composite?
False
Is 11899372553 prime?
True
Is 24510851473 a prime number?
False
Is 32181507239 a prime number?
False
Is 202635883583 prime?
False
Is 2446623871 a prime number?
True
Is 363896963 a composite number?
True
Is 4230887919 prime?
False
Is 7260916109 a prime number?
True
Is 70604785789 prime?
False
Is 251241967 a composite number?
False
Is 226309553 a composite number?
True
Is 1118751563 prime?
True
Is 653508511 a composite number?
False
Is 548316103 composite?
False
Is 9999828337 composite?
False
Is 50713600109 composite?
False
Is 940285007 a prime number?
False
Is 1237736137 a composite number?
True
Is 2094913 a composite number?
True
Is 11846827897 a prime number?
True
Is 829693817 composite?
False
Is 85165384495 a prime number?
False
Is 126738022567 a composite number?
True
Is 18852573265 a prime number?
False
Is 1056927343 a composite number?
Fa